{"id":16,"date":"2019-02-17T21:11:56","date_gmt":"2019-02-17T20:11:56","guid":{"rendered":"http:\/\/www.garcon-cafe.com\/?page_id=16"},"modified":"2023-04-01T11:28:13","modified_gmt":"2023-04-01T09:28:13","slug":"accueil","status":"publish","type":"page","link":"https:\/\/www.garcon-cafe.com\/","title":{"rendered":"Bienvenue"},"content":{"rendered":"<h1><strong><em><span style=\"color: #003300;\">L&rsquo;\u00e9quipe \u00ab\u00a0Gar\u00e7on !\u00a0\u00bb vous accueille au <\/span>c\u0153ur<span style=\"color: #003300;\"> du quartier Cherche Midi \/ Saint Placide<\/span><\/em><\/strong><\/h1>\n<p><a href=\"http:\/\/www.garcon-cafe.com\/index.php\/accueil\/welcome\/\">(read our english version)<\/a><\/p>\n<p>Depuis avril 2019, chez \u00ab\u00a0Gar\u00e7on !\u00a0\u00bb, toute l&rsquo;\u00e9quipe vous accueille en vous proposant une cuisine fran\u00e7aise revisit\u00e9e, avec quelques saveurs m\u00e9diterran\u00e9ennes, faisant la part belle aux produits frais&#8230;<\/p>\n<p>La carte comprend par exemple selon les saisons un tarama fait maison et un tartare de bar unique aux saveurs passion&#8230; Les plats et desserts du jour vous attendent \u00e9galement, midi et soir&#8230; Notre carte change tr\u00e8s r\u00e9guli\u00e8rement, n&rsquo;h\u00e9sitez pas \u00e0 nous la demander !<\/p>\n<p>&#8230; une jolie cave permet de compl\u00e9ter le repas avec des vins vari\u00e9s pour tous les palais, avec quelques grands crus mais aussi des d\u00e9couvertes \u00e0 appr\u00e9cier, y compris vins bio<\/p>\n<p>N&rsquo;h\u00e9sitez pas \u00e0 venir vous installer pour un verre et attendre le d\u00eener avec nos assiettes \u00e0 partager<\/p>\n<p>Pour nous suivre, n\u2019h\u00e9sitez pas \u00e0 vous abonner \u00e0 notre page\u00a0<a href=\"https:\/\/www.instagram.com\/garcon_restaurant\/\" target=\"_blank\" rel=\"noopener\">InstaGar\u00e7on<\/a><\/p>\n<p>Pour r\u00e9server, <a href=\"http:\/\/www.garcon-cafe.com\/index.php\/contact\/\">contactez-nous<\/a><\/p>\n","protected":false},"excerpt":{"rendered":"<p>L&rsquo;\u00e9quipe \u00ab\u00a0Gar\u00e7on !\u00a0\u00bb vous accueille au c\u0153ur du quartier Cherche Midi \/ Saint Placide (read our english version) Depuis avril 2019, chez \u00ab\u00a0Gar\u00e7on !\u00a0\u00bb, toute l&rsquo;\u00e9quipe vous accueille en vous proposant une cuisine fran\u00e7aise revisit\u00e9e, avec quelques saveurs m\u00e9diterran\u00e9ennes, faisant la part belle aux produits frais&#8230; La carte comprend par exemple selon les saisons un &hellip; <a href=\"https:\/\/www.garcon-cafe.com\/\" class=\"more-link\">Continuer la lecture de <span class=\"screen-reader-text\">Bienvenue<\/span><\/a><\/p>\n","protected":false},"author":1,"featured_media":61,"parent":0,"menu_order":0,"comment_status":"closed","ping_status":"closed","template":"","meta":{"footnotes":""},"class_list":["post-16","page","type-page","status-publish","has-post-thumbnail","hentry"],"_links":{"self":[{"href":"https:\/\/www.garcon-cafe.com\/index.php\/wp-json\/wp\/v2\/pages\/16","targetHints":{"allow":["GET"]}}],"collection":[{"href":"https:\/\/www.garcon-cafe.com\/index.php\/wp-json\/wp\/v2\/pages"}],"about":[{"href":"https:\/\/www.garcon-cafe.com\/index.php\/wp-json\/wp\/v2\/types\/page"}],"author":[{"embeddable":true,"href":"https:\/\/www.garcon-cafe.com\/index.php\/wp-json\/wp\/v2\/users\/1"}],"replies":[{"embeddable":true,"href":"https:\/\/www.garcon-cafe.com\/index.php\/wp-json\/wp\/v2\/comments?post=16"}],"version-history":[{"count":36,"href":"https:\/\/www.garcon-cafe.com\/index.php\/wp-json\/wp\/v2\/pages\/16\/revisions"}],"predecessor-version":[{"id":701,"href":"https:\/\/www.garcon-cafe.com\/index.php\/wp-json\/wp\/v2\/pages\/16\/revisions\/701"}],"wp:featuredmedia":[{"embeddable":true,"href":"https:\/\/www.garcon-cafe.com\/index.php\/wp-json\/wp\/v2\/media\/61"}],"wp:attachment":[{"href":"https:\/\/www.garcon-cafe.com\/index.php\/wp-json\/wp\/v2\/media?parent=16"}],"curies":[{"name":"wp","href":"https:\/\/api.w.org\/{rel}","templated":true}]}}